{"id":3602,"date":"2015-02-16T16:59:54","date_gmt":"2015-02-16T16:59:54","guid":{"rendered":"https:\/\/www.museudeltabac.com\/?page_id=3602"},"modified":"2020-09-17T11:47:52","modified_gmt":"2020-09-17T11:47:52","slug":"premsa","status":"publish","type":"page","link":"https:\/\/museufabricareig.com\/?page_id=3602","title":{"rendered":"Premsa"},"content":{"rendered":"<h2>DOSSIER INFORMATIU<\/h2>\n<p>La hist\u00f2ria, els objectius, els continguts del circu\u00eft i els serveis del Museu del Tabac &#8211; Antiga f\u00e0brica Reig.<\/p>\n<p><a title=\"Dossier informatiu\" href=\"https:\/\/museufabricareig.com\/wp-content\/uploads\/2016\/04\/CAT-Dossier-premsa-2016.pdf\" target=\"_blank\" rel=\"noopener noreferrer\">Descarregar PDF<\/a><\/p>\n","protected":false},"excerpt":{"rendered":"<p>DOSSIER INFORMATIU La hist\u00f2ria, els objectius, els continguts del circu\u00eft i els serveis del Museu del Tabac &#8211; Antiga f\u00e0brica&#8230;  <a href=\"https:\/\/museufabricareig.com\/?page_id=3602\" class=\"more-link\" title=\"Veure Premsa\">Veure m\u00e9s &raquo;<\/a><\/p>\n","protected":false},"author":3,"featured_media":0,"parent":0,"menu_order":0,"comment_status":"closed","ping_status":"open","template":"","meta":{"footnotes":""},"class_list":["post-3602","page","type-page","status-publish","hentry"],"yoast_head":"<!-- This site is optimized with the Yoast SEO plugin v27.5 - https:\/\/yoast.com\/product\/yoast-seo-wordpress\/ -->\n<title>Premsa - Museu F\u00e0brica Reig<\/title>\n<meta name=\"robots\" content=\"index, follow, max-snippet:-1, max-image-preview:large, max-video-preview:-1\" \/>\n<link rel=\"canonical\" href=\"https:\/\/museufabricareig.com\/?page_id=3602\" \/>\n<meta property=\"og:locale\" content=\"ca_ES\" \/>\n<meta property=\"og:type\" content=\"article\" \/>\n<meta property=\"og:title\" content=\"Premsa - Museu F\u00e0brica Reig\" \/>\n<meta property=\"og:description\" content=\"DOSSIER INFORMATIU La hist\u00f2ria, els objectius, els continguts del circu\u00eft i els serveis del Museu del Tabac &#8211; Antiga f\u00e0brica... Veure m\u00e9s &raquo;\" \/>\n<meta property=\"og:url\" content=\"https:\/\/museufabricareig.com\/?page_id=3602\" \/>\n<meta property=\"og:site_name\" content=\"Museu F\u00e0brica Reig\" \/>\n<meta property=\"article:publisher\" content=\"https:\/\/www.facebook.com\/pages\/Museu-del-Tabac-Antiga-F%c3%a0brica-Reig\/108177865897882\" \/>\n<meta property=\"article:modified_time\" content=\"2020-09-17T11:47:52+00:00\" \/>\n<script type=\"application\/ld+json\" class=\"yoast-schema-graph\">{\"@context\":\"https:\\\/\\\/schema.org\",\"@graph\":[{\"@type\":\"WebPage\",\"@id\":\"https:\\\/\\\/museufabricareig.com\\\/?page_id=3602\",\"url\":\"https:\\\/\\\/museufabricareig.com\\\/?page_id=3602\",\"name\":\"Premsa - Museu F\u00e0brica Reig\",\"isPartOf\":{\"@id\":\"https:\\\/\\\/museufabricareig.com\\\/#website\"},\"datePublished\":\"2015-02-16T16:59:54+00:00\",\"dateModified\":\"2020-09-17T11:47:52+00:00\",\"breadcrumb\":{\"@id\":\"https:\\\/\\\/museufabricareig.com\\\/?page_id=3602#breadcrumb\"},\"inLanguage\":\"ca\",\"potentialAction\":[{\"@type\":\"ReadAction\",\"target\":[\"https:\\\/\\\/museufabricareig.com\\\/?page_id=3602\"]}]},{\"@type\":\"BreadcrumbList\",\"@id\":\"https:\\\/\\\/museufabricareig.com\\\/?page_id=3602#breadcrumb\",\"itemListElement\":[{\"@type\":\"ListItem\",\"position\":1,\"name\":\"Home\",\"item\":\"https:\\\/\\\/museufabricareig.com\\\/\"},{\"@type\":\"ListItem\",\"position\":2,\"name\":\"Premsa\"}]},{\"@type\":\"WebSite\",\"@id\":\"https:\\\/\\\/museufabricareig.com\\\/#website\",\"url\":\"https:\\\/\\\/museufabricareig.com\\\/\",\"name\":\"Museu F\u00e0brica Reig\",\"description\":\"Altre lloc gestionat amb el WordPress\",\"potentialAction\":[{\"@type\":\"SearchAction\",\"target\":{\"@type\":\"EntryPoint\",\"urlTemplate\":\"https:\\\/\\\/museufabricareig.com\\\/?s={search_term_string}\"},\"query-input\":{\"@type\":\"PropertyValueSpecification\",\"valueRequired\":true,\"valueName\":\"search_term_string\"}}],\"inLanguage\":\"ca\"}]}<\/script>\n<!-- \/ Yoast SEO plugin. -->","yoast_head_json":{"title":"Premsa - Museu F\u00e0brica Reig","robots":{"index":"index","follow":"follow","max-snippet":"max-snippet:-1","max-image-preview":"max-image-preview:large","max-video-preview":"max-video-preview:-1"},"canonical":"https:\/\/museufabricareig.com\/?page_id=3602","og_locale":"ca_ES","og_type":"article","og_title":"Premsa - Museu F\u00e0brica Reig","og_description":"DOSSIER INFORMATIU La hist\u00f2ria, els objectius, els continguts del circu\u00eft i els serveis del Museu del Tabac &#8211; Antiga f\u00e0brica... Veure m\u00e9s &raquo;","og_url":"https:\/\/museufabricareig.com\/?page_id=3602","og_site_name":"Museu F\u00e0brica Reig","article_publisher":"https:\/\/www.facebook.com\/pages\/Museu-del-Tabac-Antiga-F%c3%a0brica-Reig\/108177865897882","article_modified_time":"2020-09-17T11:47:52+00:00","schema":{"@context":"https:\/\/schema.org","@graph":[{"@type":"WebPage","@id":"https:\/\/museufabricareig.com\/?page_id=3602","url":"https:\/\/museufabricareig.com\/?page_id=3602","name":"Premsa - Museu F\u00e0brica Reig","isPartOf":{"@id":"https:\/\/museufabricareig.com\/#website"},"datePublished":"2015-02-16T16:59:54+00:00","dateModified":"2020-09-17T11:47:52+00:00","breadcrumb":{"@id":"https:\/\/museufabricareig.com\/?page_id=3602#breadcrumb"},"inLanguage":"ca","potentialAction":[{"@type":"ReadAction","target":["https:\/\/museufabricareig.com\/?page_id=3602"]}]},{"@type":"BreadcrumbList","@id":"https:\/\/museufabricareig.com\/?page_id=3602#breadcrumb","itemListElement":[{"@type":"ListItem","position":1,"name":"Home","item":"https:\/\/museufabricareig.com\/"},{"@type":"ListItem","position":2,"name":"Premsa"}]},{"@type":"WebSite","@id":"https:\/\/museufabricareig.com\/#website","url":"https:\/\/museufabricareig.com\/","name":"Museu F\u00e0brica Reig","description":"Altre lloc gestionat amb el WordPress","potentialAction":[{"@type":"SearchAction","target":{"@type":"EntryPoint","urlTemplate":"https:\/\/museufabricareig.com\/?s={search_term_string}"},"query-input":{"@type":"PropertyValueSpecification","valueRequired":true,"valueName":"search_term_string"}}],"inLanguage":"ca"}]}},"_links":{"self":[{"href":"https:\/\/museufabricareig.com\/index.php?rest_route=\/wp\/v2\/pages\/3602","targetHints":{"allow":["GET"]}}],"collection":[{"href":"https:\/\/museufabricareig.com\/index.php?rest_route=\/wp\/v2\/pages"}],"about":[{"href":"https:\/\/museufabricareig.com\/index.php?rest_route=\/wp\/v2\/types\/page"}],"author":[{"embeddable":true,"href":"https:\/\/museufabricareig.com\/index.php?rest_route=\/wp\/v2\/users\/3"}],"replies":[{"embeddable":true,"href":"https:\/\/museufabricareig.com\/index.php?rest_route=%2Fwp%2Fv2%2Fcomments&post=3602"}],"version-history":[{"count":4,"href":"https:\/\/museufabricareig.com\/index.php?rest_route=\/wp\/v2\/pages\/3602\/revisions"}],"predecessor-version":[{"id":5386,"href":"https:\/\/museufabricareig.com\/index.php?rest_route=\/wp\/v2\/pages\/3602\/revisions\/5386"}],"wp:attachment":[{"href":"https:\/\/museufabricareig.com\/index.php?rest_route=%2Fwp%2Fv2%2Fmedia&parent=3602"}],"curies":[{"name":"wp","href":"https:\/\/api.w.org\/{rel}","templated":true}]}}

<h2>DOSSIER INFORMATIU</h2>
<p>La història, els objectius, els continguts del circuït i els serveis del Museu del Tabac &#8211; Antiga fàbrica Reig.</p>
<p><a title="Dossier informatiu" href="https://museufabricareig.com/wp-content/uploads/2016/04/CAT-Dossier-premsa-2016.pdf" target="_blank" rel="noopener noreferrer">Descarregar PDF</a></p>

<p>DOSSIER INFORMATIU La història, els objectius, els continguts del circuït i els serveis del Museu del Tabac &#8211; Antiga fàbrica&#8230;  <a href="https://museufabricareig.com/?page_id=3602" class="more-link" title="Veure Premsa">Veure més &raquo;</a></p>

<!-- This site is optimized with the Yoast SEO plugin v27.5 - https://yoast.com/product/yoast-seo-wordpress/ -->
<title>Premsa - Museu Fàbrica Reig</title>
<meta name="robots" content="index, follow, max-snippet:-1, max-image-preview:large, max-video-preview:-1" />
<link rel="canonical" href="https://museufabricareig.com/?page_id=3602" />
<meta property="og:locale" content="ca_ES" />
<meta property="og:type" content="article" />
<meta property="og:title" content="Premsa - Museu Fàbrica Reig" />
<meta property="og:description" content="DOSSIER INFORMATIU La història, els objectius, els continguts del circuït i els serveis del Museu del Tabac &#8211; Antiga fàbrica... Veure més &raquo;" />
<meta property="og:url" content="https://museufabricareig.com/?page_id=3602" />
<meta property="og:site_name" content="Museu Fàbrica Reig" />
<meta property="article:publisher" content="https://www.facebook.com/pages/Museu-del-Tabac-Antiga-F%c3%a0brica-Reig/108177865897882" />
<meta property="article:modified_time" content="2020-09-17T11:47:52+00:00" />
<script type="application/ld+json" class="yoast-schema-graph">{"@context":"https:\/\/schema.org","@graph":[{"@type":"WebPage","@id":"https:\/\/museufabricareig.com\/?page_id=3602","url":"https:\/\/museufabricareig.com\/?page_id=3602","name":"Premsa - Museu Fàbrica Reig","isPartOf":{"@id":"https:\/\/museufabricareig.com\/#website"},"datePublished":"2015-02-16T16:59:54+00:00","dateModified":"2020-09-17T11:47:52+00:00","breadcrumb":{"@id":"https:\/\/museufabricareig.com\/?page_id=3602#breadcrumb"},"inLanguage":"ca","potentialAction":[{"@type":"ReadAction","target":["https:\/\/museufabricareig.com\/?page_id=3602"]}]},{"@type":"BreadcrumbList","@id":"https:\/\/museufabricareig.com\/?page_id=3602#breadcrumb","itemListElement":[{"@type":"ListItem","position":1,"name":"Home","item":"https:\/\/museufabricareig.com\/"},{"@type":"ListItem","position":2,"name":"Premsa"}]},{"@type":"WebSite","@id":"https:\/\/museufabricareig.com\/#website","url":"https:\/\/museufabricareig.com\/","name":"Museu Fàbrica Reig","description":"Altre lloc gestionat amb el WordPress","potentialAction":[{"@type":"SearchAction","target":{"@type":"EntryPoint","urlTemplate":"https:\/\/museufabricareig.com\/?s={search_term_string}"},"query-input":{"@type":"PropertyValueSpecification","valueRequired":true,"valueName":"search_term_string"}}],"inLanguage":"ca"}]}</script>
<!-- / Yoast SEO plugin. -->

Premsa - Museu Fàbrica Reig

DOSSIER INFORMATIU La història, els objectius, els continguts del circuït i els serveis del Museu del Tabac &#8211; Antiga fàbrica... Veure més &raquo;

Museu Fàbrica Reig
