{"id":3595,"date":"2015-02-16T16:50:58","date_gmt":"2015-02-16T16:50:58","guid":{"rendered":"https:\/\/www.museudeltabac.com\/?page_id=3595"},"modified":"2020-09-17T11:47:52","modified_gmt":"2020-09-17T11:47:52","slug":"recursos-educatius","status":"publish","type":"page","link":"https:\/\/museufabricareig.com\/?page_id=3595","title":{"rendered":"Recursos educatius"},"content":{"rendered":"<p><a href=\"https:\/\/museufabricareig.com\/wp-content\/uploads\/2015\/02\/el_museu_de_tabac.pdf\" target=\"_blank\" rel=\"noopener noreferrer\">El museu del tabac (PDF)<br \/>\n<\/a><a href=\"https:\/\/museufabricareig.com\/wp-content\/uploads\/2015\/02\/historia_del_tabac.pdf\" target=\"_blank\" rel=\"noopener noreferrer\">Hist\u00f2ria del tabac (PDF)<br \/>\n<\/a><a href=\"https:\/\/museufabricareig.com\/wp-content\/uploads\/2015\/02\/el_tabac_a_andorra.pdf\" target=\"_blank\" rel=\"noopener noreferrer\">El tabac a Andorra (PDF)<br \/>\n<\/a><a href=\"https:\/\/museufabricareig.com\/wp-content\/uploads\/2015\/02\/la_manufactura_del_tabac.pdf\" target=\"_blank\" rel=\"noopener noreferrer\">La manufactura del tabac (PDF)<\/a><\/p>\n<h2>Alumnes de 8 a 9 anys<\/h2>\n<p><a href=\"https:\/\/museufabricareig.com\/wp-content\/uploads\/2015\/02\/prev_prof_08-09.pdf\" target=\"_blank\" rel=\"noopener noreferrer\">Fitxa professor treball previ (PDF)<br \/>\n<\/a><a href=\"https:\/\/museufabricareig.com\/wp-content\/uploads\/2015\/02\/prev_alum_08-09.pdf\" target=\"_blank\" rel=\"noopener noreferrer\">Fitxa alumne treball previ (PDF)<br \/>\n<\/a><a href=\"https:\/\/museufabricareig.com\/wp-content\/uploads\/2015\/02\/post_prof_08-09.pdf\" target=\"_blank\" rel=\"noopener noreferrer\">Fitxa professor treball posterior (PDF)<br \/>\n<\/a><a href=\"https:\/\/museufabricareig.com\/wp-content\/uploads\/2015\/02\/post_alum_08-09.pdf\" target=\"_blank\" rel=\"noopener noreferrer\">Fitxa alumne treball posterior (PDF)<\/a><\/p>\n<h2>Alumnes de 10\u00a0a 11 anys<\/h2>\n<p><a href=\"https:\/\/museufabricareig.com\/wp-content\/uploads\/2015\/02\/prev_prof_10-11.pdf\" target=\"_blank\" rel=\"noopener noreferrer\">Fitxa professor treball previ (PDF)<br \/>\n<\/a><a href=\"https:\/\/museufabricareig.com\/wp-content\/uploads\/2015\/02\/prev_alum_10-11.pdf\" target=\"_blank\" rel=\"noopener noreferrer\">Fitxa alumne treball previ (PDF)<br \/>\n<\/a><a href=\"https:\/\/museufabricareig.com\/wp-content\/uploads\/2015\/02\/post_prof_10-11.pdf\" target=\"_blank\" rel=\"noopener noreferrer\">Fitxa professor treball posterior (PDF)<br \/>\n<\/a><a href=\"https:\/\/museufabricareig.com\/wp-content\/uploads\/2015\/02\/post_alum_10-11.pdf\" target=\"_blank\" rel=\"noopener noreferrer\">Fitxa alumne treball posterior (PDF)<\/a><\/p>\n<h2>Alumnes de 12\u00a0a 13\u00a0anys<\/h2>\n<p><a href=\"https:\/\/museufabricareig.com\/wp-content\/uploads\/2015\/02\/prev_prof_12-13.pdf\" target=\"_blank\" rel=\"noopener noreferrer\">Fitxa professor treball previ (PDF)<br \/>\n<\/a><a href=\"https:\/\/museufabricareig.com\/wp-content\/uploads\/2015\/02\/prev_alum_12-13.pdf\" target=\"_blank\" rel=\"noopener noreferrer\">Fitxa alumne treball previ (PDF)<br \/>\n<\/a><a href=\"https:\/\/museufabricareig.com\/wp-content\/uploads\/2015\/02\/post_prof_12-13.pdf\" target=\"_blank\" rel=\"noopener noreferrer\">Fitxa professor treball posterior (PDF)<br \/>\n<\/a><a href=\"https:\/\/museufabricareig.com\/wp-content\/uploads\/2015\/02\/post_alum_12-13.pdf\" target=\"_blank\" rel=\"noopener noreferrer\">Fitxa alumne treball posterior (PDF)<\/a><\/p>\n<h2>Alumnes de 14\u00a0a 15\u00a0anys<\/h2>\n<p><a href=\"https:\/\/museufabricareig.com\/wp-content\/uploads\/2015\/02\/prev_prof_14-15.pdf\" target=\"_blank\" rel=\"noopener noreferrer\">Fitxa professor treball previ (PDF)<br \/>\n<\/a><a href=\"https:\/\/museufabricareig.com\/wp-content\/uploads\/2015\/02\/prev_alum_14-15.pdf\" target=\"_blank\" rel=\"noopener noreferrer\">Fitxa alumne treball previ (PDF)<br \/>\n<\/a><a href=\"https:\/\/museufabricareig.com\/wp-content\/uploads\/2015\/02\/post_prof_14-15.pdf\" target=\"_blank\" rel=\"noopener noreferrer\">Fitxa professor treball posterior (PDF)<br \/>\n<\/a><a href=\"https:\/\/museufabricareig.com\/wp-content\/uploads\/2015\/02\/post_alum_14-15.pdf\" target=\"_blank\" rel=\"noopener noreferrer\">Fitxa alumne treball posterior (PDF)<\/a><\/p>\n","protected":false},"excerpt":{"rendered":"<p>El museu del tabac (PDF) Hist\u00f2ria del tabac (PDF) El tabac a Andorra (PDF) La manufactura del tabac (PDF) Alumnes&#8230;  <a href=\"https:\/\/museufabricareig.com\/?page_id=3595\" class=\"more-link\" title=\"Veure Recursos educatius\">Veure m\u00e9s &raquo;<\/a><\/p>\n","protected":false},"author":3,"featured_media":0,"parent":0,"menu_order":0,"comment_status":"closed","ping_status":"open","template":"","meta":{"footnotes":""},"class_list":["post-3595","page","type-page","status-publish","hentry"],"yoast_head":"<!-- This site is optimized with the Yoast SEO plugin v27.5 - https:\/\/yoast.com\/product\/yoast-seo-wordpress\/ -->\n<title>Recursos educatius - Museu F\u00e0brica Reig<\/title>\n<meta name=\"robots\" content=\"index, follow, max-snippet:-1, max-image-preview:large, max-video-preview:-1\" \/>\n<link rel=\"canonical\" href=\"https:\/\/museufabricareig.com\/?page_id=3595\" \/>\n<meta property=\"og:locale\" content=\"ca_ES\" \/>\n<meta property=\"og:type\" content=\"article\" \/>\n<meta property=\"og:title\" content=\"Recursos educatius - Museu F\u00e0brica Reig\" \/>\n<meta property=\"og:description\" content=\"El museu del tabac (PDF) Hist\u00f2ria del tabac (PDF) El tabac a Andorra (PDF) La manufactura del tabac (PDF) Alumnes... Veure m\u00e9s &raquo;\" \/>\n<meta property=\"og:url\" content=\"https:\/\/museufabricareig.com\/?page_id=3595\" \/>\n<meta property=\"og:site_name\" content=\"Museu F\u00e0brica Reig\" \/>\n<meta property=\"article:publisher\" content=\"https:\/\/www.facebook.com\/pages\/Museu-del-Tabac-Antiga-F%c3%a0brica-Reig\/108177865897882\" \/>\n<meta property=\"article:modified_time\" content=\"2020-09-17T11:47:52+00:00\" \/>\n<meta name=\"twitter:label1\" content=\"Temps estimat de lectura\" \/>\n\t<meta name=\"twitter:data1\" content=\"1 minut\" \/>\n<script type=\"application\/ld+json\" class=\"yoast-schema-graph\">{\"@context\":\"https:\\\/\\\/schema.org\",\"@graph\":[{\"@type\":\"WebPage\",\"@id\":\"https:\\\/\\\/museufabricareig.com\\\/?page_id=3595\",\"url\":\"https:\\\/\\\/museufabricareig.com\\\/?page_id=3595\",\"name\":\"Recursos educatius - Museu F\u00e0brica Reig\",\"isPartOf\":{\"@id\":\"https:\\\/\\\/museufabricareig.com\\\/#website\"},\"datePublished\":\"2015-02-16T16:50:58+00:00\",\"dateModified\":\"2020-09-17T11:47:52+00:00\",\"breadcrumb\":{\"@id\":\"https:\\\/\\\/museufabricareig.com\\\/?page_id=3595#breadcrumb\"},\"inLanguage\":\"ca\",\"potentialAction\":[{\"@type\":\"ReadAction\",\"target\":[\"https:\\\/\\\/museufabricareig.com\\\/?page_id=3595\"]}]},{\"@type\":\"BreadcrumbList\",\"@id\":\"https:\\\/\\\/museufabricareig.com\\\/?page_id=3595#breadcrumb\",\"itemListElement\":[{\"@type\":\"ListItem\",\"position\":1,\"name\":\"Home\",\"item\":\"https:\\\/\\\/museufabricareig.com\\\/\"},{\"@type\":\"ListItem\",\"position\":2,\"name\":\"Recursos educatius\"}]},{\"@type\":\"WebSite\",\"@id\":\"https:\\\/\\\/museufabricareig.com\\\/#website\",\"url\":\"https:\\\/\\\/museufabricareig.com\\\/\",\"name\":\"Museu F\u00e0brica Reig\",\"description\":\"Altre lloc gestionat amb el WordPress\",\"potentialAction\":[{\"@type\":\"SearchAction\",\"target\":{\"@type\":\"EntryPoint\",\"urlTemplate\":\"https:\\\/\\\/museufabricareig.com\\\/?s={search_term_string}\"},\"query-input\":{\"@type\":\"PropertyValueSpecification\",\"valueRequired\":true,\"valueName\":\"search_term_string\"}}],\"inLanguage\":\"ca\"}]}<\/script>\n<!-- \/ Yoast SEO plugin. -->","yoast_head_json":{"title":"Recursos educatius - Museu F\u00e0brica Reig","robots":{"index":"index","follow":"follow","max-snippet":"max-snippet:-1","max-image-preview":"max-image-preview:large","max-video-preview":"max-video-preview:-1"},"canonical":"https:\/\/museufabricareig.com\/?page_id=3595","og_locale":"ca_ES","og_type":"article","og_title":"Recursos educatius - Museu F\u00e0brica Reig","og_description":"El museu del tabac (PDF) Hist\u00f2ria del tabac (PDF) El tabac a Andorra (PDF) La manufactura del tabac (PDF) Alumnes... Veure m\u00e9s &raquo;","og_url":"https:\/\/museufabricareig.com\/?page_id=3595","og_site_name":"Museu F\u00e0brica Reig","article_publisher":"https:\/\/www.facebook.com\/pages\/Museu-del-Tabac-Antiga-F%c3%a0brica-Reig\/108177865897882","article_modified_time":"2020-09-17T11:47:52+00:00","twitter_misc":{"Temps estimat de lectura":"1 minut"},"schema":{"@context":"https:\/\/schema.org","@graph":[{"@type":"WebPage","@id":"https:\/\/museufabricareig.com\/?page_id=3595","url":"https:\/\/museufabricareig.com\/?page_id=3595","name":"Recursos educatius - Museu F\u00e0brica Reig","isPartOf":{"@id":"https:\/\/museufabricareig.com\/#website"},"datePublished":"2015-02-16T16:50:58+00:00","dateModified":"2020-09-17T11:47:52+00:00","breadcrumb":{"@id":"https:\/\/museufabricareig.com\/?page_id=3595#breadcrumb"},"inLanguage":"ca","potentialAction":[{"@type":"ReadAction","target":["https:\/\/museufabricareig.com\/?page_id=3595"]}]},{"@type":"BreadcrumbList","@id":"https:\/\/museufabricareig.com\/?page_id=3595#breadcrumb","itemListElement":[{"@type":"ListItem","position":1,"name":"Home","item":"https:\/\/museufabricareig.com\/"},{"@type":"ListItem","position":2,"name":"Recursos educatius"}]},{"@type":"WebSite","@id":"https:\/\/museufabricareig.com\/#website","url":"https:\/\/museufabricareig.com\/","name":"Museu F\u00e0brica Reig","description":"Altre lloc gestionat amb el WordPress","potentialAction":[{"@type":"SearchAction","target":{"@type":"EntryPoint","urlTemplate":"https:\/\/museufabricareig.com\/?s={search_term_string}"},"query-input":{"@type":"PropertyValueSpecification","valueRequired":true,"valueName":"search_term_string"}}],"inLanguage":"ca"}]}},"_links":{"self":[{"href":"https:\/\/museufabricareig.com\/index.php?rest_route=\/wp\/v2\/pages\/3595","targetHints":{"allow":["GET"]}}],"collection":[{"href":"https:\/\/museufabricareig.com\/index.php?rest_route=\/wp\/v2\/pages"}],"about":[{"href":"https:\/\/museufabricareig.com\/index.php?rest_route=\/wp\/v2\/types\/page"}],"author":[{"embeddable":true,"href":"https:\/\/museufabricareig.com\/index.php?rest_route=\/wp\/v2\/users\/3"}],"replies":[{"embeddable":true,"href":"https:\/\/museufabricareig.com\/index.php?rest_route=%2Fwp%2Fv2%2Fcomments&post=3595"}],"version-history":[{"count":7,"href":"https:\/\/museufabricareig.com\/index.php?rest_route=\/wp\/v2\/pages\/3595\/revisions"}],"predecessor-version":[{"id":5482,"href":"https:\/\/museufabricareig.com\/index.php?rest_route=\/wp\/v2\/pages\/3595\/revisions\/5482"}],"wp:attachment":[{"href":"https:\/\/museufabricareig.com\/index.php?rest_route=%2Fwp%2Fv2%2Fmedia&parent=3595"}],"curies":[{"name":"wp","href":"https:\/\/api.w.org\/{rel}","templated":true}]}}

<p><a href="https://museufabricareig.com/wp-content/uploads/2015/02/el_museu_de_tabac.pdf" target="_blank" rel="noopener noreferrer">El museu del tabac (PDF)<br />
</a><a href="https://museufabricareig.com/wp-content/uploads/2015/02/historia_del_tabac.pdf" target="_blank" rel="noopener noreferrer">Història del tabac (PDF)<br />
</a><a href="https://museufabricareig.com/wp-content/uploads/2015/02/el_tabac_a_andorra.pdf" target="_blank" rel="noopener noreferrer">El tabac a Andorra (PDF)<br />
</a><a href="https://museufabricareig.com/wp-content/uploads/2015/02/la_manufactura_del_tabac.pdf" target="_blank" rel="noopener noreferrer">La manufactura del tabac (PDF)</a></p>
<h2>Alumnes de 8 a 9 anys</h2>
<p><a href="https://museufabricareig.com/wp-content/uploads/2015/02/prev_prof_08-09.pdf" target="_blank" rel="noopener noreferrer">Fitxa professor treball previ (PDF)<br />
</a><a href="https://museufabricareig.com/wp-content/uploads/2015/02/prev_alum_08-09.pdf" target="_blank" rel="noopener noreferrer">Fitxa alumne treball previ (PDF)<br />
</a><a href="https://museufabricareig.com/wp-content/uploads/2015/02/post_prof_08-09.pdf" target="_blank" rel="noopener noreferrer">Fitxa professor treball posterior (PDF)<br />
</a><a href="https://museufabricareig.com/wp-content/uploads/2015/02/post_alum_08-09.pdf" target="_blank" rel="noopener noreferrer">Fitxa alumne treball posterior (PDF)</a></p>
<h2>Alumnes de 10 a 11 anys</h2>
<p><a href="https://museufabricareig.com/wp-content/uploads/2015/02/prev_prof_10-11.pdf" target="_blank" rel="noopener noreferrer">Fitxa professor treball previ (PDF)<br />
</a><a href="https://museufabricareig.com/wp-content/uploads/2015/02/prev_alum_10-11.pdf" target="_blank" rel="noopener noreferrer">Fitxa alumne treball previ (PDF)<br />
</a><a href="https://museufabricareig.com/wp-content/uploads/2015/02/post_prof_10-11.pdf" target="_blank" rel="noopener noreferrer">Fitxa professor treball posterior (PDF)<br />
</a><a href="https://museufabricareig.com/wp-content/uploads/2015/02/post_alum_10-11.pdf" target="_blank" rel="noopener noreferrer">Fitxa alumne treball posterior (PDF)</a></p>
<h2>Alumnes de 12 a 13 anys</h2>
<p><a href="https://museufabricareig.com/wp-content/uploads/2015/02/prev_prof_12-13.pdf" target="_blank" rel="noopener noreferrer">Fitxa professor treball previ (PDF)<br />
</a><a href="https://museufabricareig.com/wp-content/uploads/2015/02/prev_alum_12-13.pdf" target="_blank" rel="noopener noreferrer">Fitxa alumne treball previ (PDF)<br />
</a><a href="https://museufabricareig.com/wp-content/uploads/2015/02/post_prof_12-13.pdf" target="_blank" rel="noopener noreferrer">Fitxa professor treball posterior (PDF)<br />
</a><a href="https://museufabricareig.com/wp-content/uploads/2015/02/post_alum_12-13.pdf" target="_blank" rel="noopener noreferrer">Fitxa alumne treball posterior (PDF)</a></p>
<h2>Alumnes de 14 a 15 anys</h2>
<p><a href="https://museufabricareig.com/wp-content/uploads/2015/02/prev_prof_14-15.pdf" target="_blank" rel="noopener noreferrer">Fitxa professor treball previ (PDF)<br />
</a><a href="https://museufabricareig.com/wp-content/uploads/2015/02/prev_alum_14-15.pdf" target="_blank" rel="noopener noreferrer">Fitxa alumne treball previ (PDF)<br />
</a><a href="https://museufabricareig.com/wp-content/uploads/2015/02/post_prof_14-15.pdf" target="_blank" rel="noopener noreferrer">Fitxa professor treball posterior (PDF)<br />
</a><a href="https://museufabricareig.com/wp-content/uploads/2015/02/post_alum_14-15.pdf" target="_blank" rel="noopener noreferrer">Fitxa alumne treball posterior (PDF)</a></p>

<p>El museu del tabac (PDF) Història del tabac (PDF) El tabac a Andorra (PDF) La manufactura del tabac (PDF) Alumnes&#8230;  <a href="https://museufabricareig.com/?page_id=3595" class="more-link" title="Veure Recursos educatius">Veure més &raquo;</a></p>

<!-- This site is optimized with the Yoast SEO plugin v27.5 - https://yoast.com/product/yoast-seo-wordpress/ -->
<title>Recursos educatius - Museu Fàbrica Reig</title>
<meta name="robots" content="index, follow, max-snippet:-1, max-image-preview:large, max-video-preview:-1" />
<link rel="canonical" href="https://museufabricareig.com/?page_id=3595" />
<meta property="og:locale" content="ca_ES" />
<meta property="og:type" content="article" />
<meta property="og:title" content="Recursos educatius - Museu Fàbrica Reig" />
<meta property="og:description" content="El museu del tabac (PDF) Història del tabac (PDF) El tabac a Andorra (PDF) La manufactura del tabac (PDF) Alumnes... Veure més &raquo;" />
<meta property="og:url" content="https://museufabricareig.com/?page_id=3595" />
<meta property="og:site_name" content="Museu Fàbrica Reig" />
<meta property="article:publisher" content="https://www.facebook.com/pages/Museu-del-Tabac-Antiga-F%c3%a0brica-Reig/108177865897882" />
<meta property="article:modified_time" content="2020-09-17T11:47:52+00:00" />
<meta name="twitter:label1" content="Temps estimat de lectura" />
	<meta name="twitter:data1" content="1 minut" />
<script type="application/ld+json" class="yoast-schema-graph">{"@context":"https:\/\/schema.org","@graph":[{"@type":"WebPage","@id":"https:\/\/museufabricareig.com\/?page_id=3595","url":"https:\/\/museufabricareig.com\/?page_id=3595","name":"Recursos educatius - Museu Fàbrica Reig","isPartOf":{"@id":"https:\/\/museufabricareig.com\/#website"},"datePublished":"2015-02-16T16:50:58+00:00","dateModified":"2020-09-17T11:47:52+00:00","breadcrumb":{"@id":"https:\/\/museufabricareig.com\/?page_id=3595#breadcrumb"},"inLanguage":"ca","potentialAction":[{"@type":"ReadAction","target":["https:\/\/museufabricareig.com\/?page_id=3595"]}]},{"@type":"BreadcrumbList","@id":"https:\/\/museufabricareig.com\/?page_id=3595#breadcrumb","itemListElement":[{"@type":"ListItem","position":1,"name":"Home","item":"https:\/\/museufabricareig.com\/"},{"@type":"ListItem","position":2,"name":"Recursos educatius"}]},{"@type":"WebSite","@id":"https:\/\/museufabricareig.com\/#website","url":"https:\/\/museufabricareig.com\/","name":"Museu Fàbrica Reig","description":"Altre lloc gestionat amb el WordPress","potentialAction":[{"@type":"SearchAction","target":{"@type":"EntryPoint","urlTemplate":"https:\/\/museufabricareig.com\/?s={search_term_string}"},"query-input":{"@type":"PropertyValueSpecification","valueRequired":true,"valueName":"search_term_string"}}],"inLanguage":"ca"}]}</script>
<!-- / Yoast SEO plugin. -->

Recursos educatius - Museu Fàbrica Reig

El museu del tabac (PDF) Història del tabac (PDF) El tabac a Andorra (PDF) La manufactura del tabac (PDF) Alumnes... Veure més &raquo;

Museu Fàbrica Reig
