{"id":3352,"date":"2015-02-14T16:06:56","date_gmt":"2015-02-14T16:06:56","guid":{"rendered":"https:\/\/www.museudeltabac.com\/?page_id=3352"},"modified":"2020-09-17T11:47:51","modified_gmt":"2020-09-17T11:47:51","slug":"fons-documental","status":"publish","type":"page","link":"https:\/\/museufabricareig.com\/?page_id=3352","title":{"rendered":"Fons documental"},"content":{"rendered":"<p>El Museu del Tabac disposa d\u2019un arxiu bibliogr\u00e0fic sobre tabac de m\u00e9s de 700 volums, 380 dels quals provinents de l\u2019arxiu Dunhill, i la resta l\u2019integren llibres de les col\u00b7leccions de Juli\u00e0 Reig Roqueta, \u00d2scar Ribas Reig i la Col\u00b7lecci\u00f3 God\u00f3.<\/p>\n<p>A m\u00e9s del fons bibliogr\u00e0fic, el museu posseeix un fons d\u2019objectes de m\u00e9s de 6.000 registres, integrat per m\u00e0quines, estris, utensilis, paqueteria, envoltoris, etiquetes, anelles de cigar. A banda d\u2019aquests objectes, hi ha relacionats m\u00e9s de 400 aromes i perfums, entre ampolles, tubs, pastilles i altres.<\/p>\n<p>L\u2019Arxiu Reig tamb\u00e9 t\u00e9 comptabilitzades prop de 1.500 imatges i documents, entre els que trobem l\u2019arxiu fotogr\u00e0fic Rafel\u00f3 o l\u2019arxiu de cartes comercials i personals que daten des del 1873.<\/p>\n<p>Actualment, el Museu del Tabac est\u00e0 treballant en un inventari de tot el fons esmentat amb la voluntat de poder esdevenir, en un futur, un centre de recerca sobre el tabac.<\/p>\n","protected":false},"excerpt":{"rendered":"<p>El Museu del Tabac disposa d\u2019un arxiu bibliogr\u00e0fic sobre tabac de m\u00e9s de 700 volums, 380 dels quals provinents de&#8230;  <a href=\"https:\/\/museufabricareig.com\/?page_id=3352\" class=\"more-link\" title=\"Veure Fons documental\">Veure m\u00e9s &raquo;<\/a><\/p>\n","protected":false},"author":3,"featured_media":0,"parent":0,"menu_order":0,"comment_status":"closed","ping_status":"open","template":"page-fons.php","meta":{"footnotes":""},"class_list":["post-3352","page","type-page","status-publish","hentry"],"yoast_head":"<!-- This site is optimized with the Yoast SEO plugin v27.5 - https:\/\/yoast.com\/product\/yoast-seo-wordpress\/ -->\n<title>Fons documental - Museu F\u00e0brica Reig<\/title>\n<meta name=\"robots\" content=\"index, follow, max-snippet:-1, max-image-preview:large, max-video-preview:-1\" \/>\n<link rel=\"canonical\" href=\"https:\/\/museufabricareig.com\/?page_id=3352\" \/>\n<meta property=\"og:locale\" content=\"ca_ES\" \/>\n<meta property=\"og:type\" content=\"article\" \/>\n<meta property=\"og:title\" content=\"Fons documental - Museu F\u00e0brica Reig\" \/>\n<meta property=\"og:description\" content=\"El Museu del Tabac disposa d\u2019un arxiu bibliogr\u00e0fic sobre tabac de m\u00e9s de 700 volums, 380 dels quals provinents de... Veure m\u00e9s &raquo;\" \/>\n<meta property=\"og:url\" content=\"https:\/\/museufabricareig.com\/?page_id=3352\" \/>\n<meta property=\"og:site_name\" content=\"Museu F\u00e0brica Reig\" \/>\n<meta property=\"article:publisher\" content=\"https:\/\/www.facebook.com\/pages\/Museu-del-Tabac-Antiga-F%c3%a0brica-Reig\/108177865897882\" \/>\n<meta property=\"article:modified_time\" content=\"2020-09-17T11:47:51+00:00\" \/>\n<meta name=\"twitter:label1\" content=\"Temps estimat de lectura\" \/>\n\t<meta name=\"twitter:data1\" content=\"1 minut\" \/>\n<script type=\"application\/ld+json\" class=\"yoast-schema-graph\">{\"@context\":\"https:\\\/\\\/schema.org\",\"@graph\":[{\"@type\":\"WebPage\",\"@id\":\"https:\\\/\\\/museufabricareig.com\\\/?page_id=3352\",\"url\":\"https:\\\/\\\/museufabricareig.com\\\/?page_id=3352\",\"name\":\"Fons documental - Museu F\u00e0brica Reig\",\"isPartOf\":{\"@id\":\"https:\\\/\\\/museufabricareig.com\\\/#website\"},\"datePublished\":\"2015-02-14T16:06:56+00:00\",\"dateModified\":\"2020-09-17T11:47:51+00:00\",\"breadcrumb\":{\"@id\":\"https:\\\/\\\/museufabricareig.com\\\/?page_id=3352#breadcrumb\"},\"inLanguage\":\"ca\",\"potentialAction\":[{\"@type\":\"ReadAction\",\"target\":[\"https:\\\/\\\/museufabricareig.com\\\/?page_id=3352\"]}]},{\"@type\":\"BreadcrumbList\",\"@id\":\"https:\\\/\\\/museufabricareig.com\\\/?page_id=3352#breadcrumb\",\"itemListElement\":[{\"@type\":\"ListItem\",\"position\":1,\"name\":\"Home\",\"item\":\"https:\\\/\\\/museufabricareig.com\\\/\"},{\"@type\":\"ListItem\",\"position\":2,\"name\":\"Fons documental\"}]},{\"@type\":\"WebSite\",\"@id\":\"https:\\\/\\\/museufabricareig.com\\\/#website\",\"url\":\"https:\\\/\\\/museufabricareig.com\\\/\",\"name\":\"Museu F\u00e0brica Reig\",\"description\":\"Altre lloc gestionat amb el WordPress\",\"potentialAction\":[{\"@type\":\"SearchAction\",\"target\":{\"@type\":\"EntryPoint\",\"urlTemplate\":\"https:\\\/\\\/museufabricareig.com\\\/?s={search_term_string}\"},\"query-input\":{\"@type\":\"PropertyValueSpecification\",\"valueRequired\":true,\"valueName\":\"search_term_string\"}}],\"inLanguage\":\"ca\"}]}<\/script>\n<!-- \/ Yoast SEO plugin. -->","yoast_head_json":{"title":"Fons documental - Museu F\u00e0brica Reig","robots":{"index":"index","follow":"follow","max-snippet":"max-snippet:-1","max-image-preview":"max-image-preview:large","max-video-preview":"max-video-preview:-1"},"canonical":"https:\/\/museufabricareig.com\/?page_id=3352","og_locale":"ca_ES","og_type":"article","og_title":"Fons documental - Museu F\u00e0brica Reig","og_description":"El Museu del Tabac disposa d\u2019un arxiu bibliogr\u00e0fic sobre tabac de m\u00e9s de 700 volums, 380 dels quals provinents de... Veure m\u00e9s &raquo;","og_url":"https:\/\/museufabricareig.com\/?page_id=3352","og_site_name":"Museu F\u00e0brica Reig","article_publisher":"https:\/\/www.facebook.com\/pages\/Museu-del-Tabac-Antiga-F%c3%a0brica-Reig\/108177865897882","article_modified_time":"2020-09-17T11:47:51+00:00","twitter_misc":{"Temps estimat de lectura":"1 minut"},"schema":{"@context":"https:\/\/schema.org","@graph":[{"@type":"WebPage","@id":"https:\/\/museufabricareig.com\/?page_id=3352","url":"https:\/\/museufabricareig.com\/?page_id=3352","name":"Fons documental - Museu F\u00e0brica Reig","isPartOf":{"@id":"https:\/\/museufabricareig.com\/#website"},"datePublished":"2015-02-14T16:06:56+00:00","dateModified":"2020-09-17T11:47:51+00:00","breadcrumb":{"@id":"https:\/\/museufabricareig.com\/?page_id=3352#breadcrumb"},"inLanguage":"ca","potentialAction":[{"@type":"ReadAction","target":["https:\/\/museufabricareig.com\/?page_id=3352"]}]},{"@type":"BreadcrumbList","@id":"https:\/\/museufabricareig.com\/?page_id=3352#breadcrumb","itemListElement":[{"@type":"ListItem","position":1,"name":"Home","item":"https:\/\/museufabricareig.com\/"},{"@type":"ListItem","position":2,"name":"Fons documental"}]},{"@type":"WebSite","@id":"https:\/\/museufabricareig.com\/#website","url":"https:\/\/museufabricareig.com\/","name":"Museu F\u00e0brica Reig","description":"Altre lloc gestionat amb el WordPress","potentialAction":[{"@type":"SearchAction","target":{"@type":"EntryPoint","urlTemplate":"https:\/\/museufabricareig.com\/?s={search_term_string}"},"query-input":{"@type":"PropertyValueSpecification","valueRequired":true,"valueName":"search_term_string"}}],"inLanguage":"ca"}]}},"_links":{"self":[{"href":"https:\/\/museufabricareig.com\/index.php?rest_route=\/wp\/v2\/pages\/3352","targetHints":{"allow":["GET"]}}],"collection":[{"href":"https:\/\/museufabricareig.com\/index.php?rest_route=\/wp\/v2\/pages"}],"about":[{"href":"https:\/\/museufabricareig.com\/index.php?rest_route=\/wp\/v2\/types\/page"}],"author":[{"embeddable":true,"href":"https:\/\/museufabricareig.com\/index.php?rest_route=\/wp\/v2\/users\/3"}],"replies":[{"embeddable":true,"href":"https:\/\/museufabricareig.com\/index.php?rest_route=%2Fwp%2Fv2%2Fcomments&post=3352"}],"version-history":[{"count":1,"href":"https:\/\/museufabricareig.com\/index.php?rest_route=\/wp\/v2\/pages\/3352\/revisions"}],"predecessor-version":[{"id":3353,"href":"https:\/\/museufabricareig.com\/index.php?rest_route=\/wp\/v2\/pages\/3352\/revisions\/3353"}],"wp:attachment":[{"href":"https:\/\/museufabricareig.com\/index.php?rest_route=%2Fwp%2Fv2%2Fmedia&parent=3352"}],"curies":[{"name":"wp","href":"https:\/\/api.w.org\/{rel}","templated":true}]}}

<p>El Museu del Tabac disposa d’un arxiu bibliogràfic sobre tabac de més de 700 volums, 380 dels quals provinents de l’arxiu Dunhill, i la resta l’integren llibres de les col·leccions de Julià Reig Roqueta, Òscar Ribas Reig i la Col·lecció Godó.</p>
<p>A més del fons bibliogràfic, el museu posseeix un fons d’objectes de més de 6.000 registres, integrat per màquines, estris, utensilis, paqueteria, envoltoris, etiquetes, anelles de cigar. A banda d’aquests objectes, hi ha relacionats més de 400 aromes i perfums, entre ampolles, tubs, pastilles i altres.</p>
<p>L’Arxiu Reig també té comptabilitzades prop de 1.500 imatges i documents, entre els que trobem l’arxiu fotogràfic Rafeló o l’arxiu de cartes comercials i personals que daten des del 1873.</p>
<p>Actualment, el Museu del Tabac està treballant en un inventari de tot el fons esmentat amb la voluntat de poder esdevenir, en un futur, un centre de recerca sobre el tabac.</p>

<p>El Museu del Tabac disposa d’un arxiu bibliogràfic sobre tabac de més de 700 volums, 380 dels quals provinents de&#8230;  <a href="https://museufabricareig.com/?page_id=3352" class="more-link" title="Veure Fons documental">Veure més &raquo;</a></p>

<!-- This site is optimized with the Yoast SEO plugin v27.5 - https://yoast.com/product/yoast-seo-wordpress/ -->
<title>Fons documental - Museu Fàbrica Reig</title>
<meta name="robots" content="index, follow, max-snippet:-1, max-image-preview:large, max-video-preview:-1" />
<link rel="canonical" href="https://museufabricareig.com/?page_id=3352" />
<meta property="og:locale" content="ca_ES" />
<meta property="og:type" content="article" />
<meta property="og:title" content="Fons documental - Museu Fàbrica Reig" />
<meta property="og:description" content="El Museu del Tabac disposa d’un arxiu bibliogràfic sobre tabac de més de 700 volums, 380 dels quals provinents de... Veure més &raquo;" />
<meta property="og:url" content="https://museufabricareig.com/?page_id=3352" />
<meta property="og:site_name" content="Museu Fàbrica Reig" />
<meta property="article:publisher" content="https://www.facebook.com/pages/Museu-del-Tabac-Antiga-F%c3%a0brica-Reig/108177865897882" />
<meta property="article:modified_time" content="2020-09-17T11:47:51+00:00" />
<meta name="twitter:label1" content="Temps estimat de lectura" />
	<meta name="twitter:data1" content="1 minut" />
<script type="application/ld+json" class="yoast-schema-graph">{"@context":"https:\/\/schema.org","@graph":[{"@type":"WebPage","@id":"https:\/\/museufabricareig.com\/?page_id=3352","url":"https:\/\/museufabricareig.com\/?page_id=3352","name":"Fons documental - Museu Fàbrica Reig","isPartOf":{"@id":"https:\/\/museufabricareig.com\/#website"},"datePublished":"2015-02-14T16:06:56+00:00","dateModified":"2020-09-17T11:47:51+00:00","breadcrumb":{"@id":"https:\/\/museufabricareig.com\/?page_id=3352#breadcrumb"},"inLanguage":"ca","potentialAction":[{"@type":"ReadAction","target":["https:\/\/museufabricareig.com\/?page_id=3352"]}]},{"@type":"BreadcrumbList","@id":"https:\/\/museufabricareig.com\/?page_id=3352#breadcrumb","itemListElement":[{"@type":"ListItem","position":1,"name":"Home","item":"https:\/\/museufabricareig.com\/"},{"@type":"ListItem","position":2,"name":"Fons documental"}]},{"@type":"WebSite","@id":"https:\/\/museufabricareig.com\/#website","url":"https:\/\/museufabricareig.com\/","name":"Museu Fàbrica Reig","description":"Altre lloc gestionat amb el WordPress","potentialAction":[{"@type":"SearchAction","target":{"@type":"EntryPoint","urlTemplate":"https:\/\/museufabricareig.com\/?s={search_term_string}"},"query-input":{"@type":"PropertyValueSpecification","valueRequired":true,"valueName":"search_term_string"}}],"inLanguage":"ca"}]}</script>
<!-- / Yoast SEO plugin. -->

Fons documental - Museu Fàbrica Reig

El Museu del Tabac disposa d’un arxiu bibliogràfic sobre tabac de més de 700 volums, 380 dels quals provinents de... Veure més &raquo;

Museu Fàbrica Reig
