{"id":4074,"date":"2015-02-16T16:50:58","date_gmt":"2015-02-16T16:50:58","guid":{"rendered":"https:\/\/www.museudeltabac.com\/recursos-educatius-2\/"},"modified":"2015-03-01T16:28:53","modified_gmt":"2015-03-01T16:28:53","slug":"ressources-educatives","status":"publish","type":"page","link":"https:\/\/museufabricareig.com\/?page_id=4074&lang=fr","title":{"rendered":"Ressources \u00e9ducatives"},"content":{"rendered":"<p>(<em>Disponible en Catalan<\/em>)<\/p>\n<p><a href=\"https:\/\/museufabricareig.com\/wp-content\/uploads\/2015\/02\/el_museu_de_tabac.pdf\" target=\"_blank\">El museu del tabac (PDF)<br \/>\n<\/a><a href=\"https:\/\/museufabricareig.com\/wp-content\/uploads\/2015\/02\/historia_del_tabac.pdf\" target=\"_blank\">Hist\u00f2ria del tabac (PDF)<br \/>\n<\/a><a href=\"https:\/\/museufabricareig.com\/wp-content\/uploads\/2015\/02\/el_tabac_a_andorra.pdf\" target=\"_blank\">El tabac a Andorra (PDF)<br \/>\n<\/a><a href=\"https:\/\/museufabricareig.com\/wp-content\/uploads\/2015\/02\/la_manufactura_del_tabac.pdf\" target=\"_blank\">La manufactura del tabac (PDF)<\/a><\/p>\n<h2>Alumnes de 8 a 9 anys<\/h2>\n<p><a href=\"https:\/\/museufabricareig.com\/wp-content\/uploads\/2015\/02\/prev_prof_08-09.pdf\" target=\"_blank\">Fitxa professor treball previ (PDF)<br \/>\n<\/a><a href=\"https:\/\/museufabricareig.com\/wp-content\/uploads\/2015\/02\/prev_alum_08-09.pdf\" target=\"_blank\">Fitxa alumne treball previ (PDF)<br \/>\n<\/a><a href=\"https:\/\/museufabricareig.com\/wp-content\/uploads\/2015\/02\/post_prof_08-09.pdf\" target=\"_blank\">Fitxa professor treball posterior (PDF)<br \/>\n<\/a><a href=\"https:\/\/museufabricareig.com\/wp-content\/uploads\/2015\/02\/post_alum_08-09.pdf\" target=\"_blank\">Fitxa alumne treball posterior (PDF)<\/a><\/p>\n<h2>Alumnes de 10\u00a0a 11 anys<\/h2>\n<p><a href=\"https:\/\/museufabricareig.com\/wp-content\/uploads\/2015\/02\/prev_prof_10-11.pdf\" target=\"_blank\">Fitxa professor treball previ (PDF)<br \/>\n<\/a><a href=\"https:\/\/museufabricareig.com\/wp-content\/uploads\/2015\/02\/prev_alum_10-11.pdf\" target=\"_blank\">Fitxa alumne treball previ (PDF)<br \/>\n<\/a><a href=\"https:\/\/museufabricareig.com\/wp-content\/uploads\/2015\/02\/post_prof_10-11.pdf\" target=\"_blank\">Fitxa professor treball posterior (PDF)<br \/>\n<\/a><a href=\"https:\/\/museufabricareig.com\/wp-content\/uploads\/2015\/02\/post_alum_10-11.pdf\" target=\"_blank\">Fitxa alumne treball posterior (PDF)<\/a><\/p>\n<h2>Alumnes de 12\u00a0a 13\u00a0anys<\/h2>\n<p><a href=\"https:\/\/museufabricareig.com\/wp-content\/uploads\/2015\/02\/prev_prof_12-13.pdf\" target=\"_blank\">Fitxa professor treball previ (PDF)<br \/>\n<\/a><a href=\"https:\/\/museufabricareig.com\/wp-content\/uploads\/2015\/02\/prev_alum_12-13.pdf\" target=\"_blank\">Fitxa alumne treball previ (PDF)<br \/>\n<\/a><a href=\"https:\/\/museufabricareig.com\/wp-content\/uploads\/2015\/02\/post_prof_12-13.pdf\" target=\"_blank\">Fitxa professor treball posterior (PDF)<br \/>\n<\/a><a href=\"https:\/\/museufabricareig.com\/wp-content\/uploads\/2015\/02\/post_alum_12-13.pdf\" target=\"_blank\">Fitxa alumne treball posterior (PDF)<\/a><\/p>\n<h2>Alumnes de 14\u00a0a 15\u00a0anys<\/h2>\n<p><a href=\"https:\/\/museufabricareig.com\/wp-content\/uploads\/2015\/02\/prev_prof_14-15.pdf\" target=\"_blank\">Fitxa professor treball previ (PDF)<br \/>\n<\/a><a href=\"https:\/\/museufabricareig.com\/wp-content\/uploads\/2015\/02\/prev_alum_14-15.pdf\" target=\"_blank\">Fitxa alumne treball previ (PDF)<br \/>\n<\/a><a href=\"https:\/\/museufabricareig.com\/wp-content\/uploads\/2015\/02\/post_prof_14-15.pdf\" target=\"_blank\">Fitxa professor treball posterior (PDF)<br \/>\n<\/a><a href=\"https:\/\/museufabricareig.com\/wp-content\/uploads\/2015\/02\/post_alum_14-15.pdf\" target=\"_blank\">Fitxa alumne treball posterior (PDF)<\/a><\/p>\n","protected":false},"excerpt":{"rendered":"<p>(Disponible en Catalan) El museu del tabac (PDF) Hist\u00f2ria del tabac (PDF) El tabac a Andorra (PDF) La manufactura del&#8230;  <a href=\"https:\/\/museufabricareig.com\/?page_id=4074&#038;lang=fr\" class=\"more-link\" title=\"Veure Ressources \u00e9ducatives\">Voir plus &raquo;<\/a><\/p>\n","protected":false},"author":3,"featured_media":0,"parent":0,"menu_order":0,"comment_status":"closed","ping_status":"open","template":"","meta":{"footnotes":""},"class_list":["post-4074","page","type-page","status-publish","hentry"],"yoast_head":"<!-- This site is optimized with the Yoast SEO plugin v27.5 - https:\/\/yoast.com\/product\/yoast-seo-wordpress\/ -->\n<title>Ressources \u00e9ducatives - Museu F\u00e0brica Reig<\/title>\n<meta name=\"robots\" content=\"index, follow, max-snippet:-1, max-image-preview:large, max-video-preview:-1\" \/>\n<link rel=\"canonical\" href=\"https:\/\/museufabricareig.com\/?page_id=4074&lang=fr\" \/>\n<meta property=\"og:locale\" content=\"fr_FR\" \/>\n<meta property=\"og:type\" content=\"article\" \/>\n<meta property=\"og:title\" content=\"Ressources \u00e9ducatives - Museu F\u00e0brica Reig\" \/>\n<meta property=\"og:description\" content=\"(Disponible en Catalan) El museu del tabac (PDF) Hist\u00f2ria del tabac (PDF) El tabac a Andorra (PDF) La manufactura del... Voir plus &raquo;\" \/>\n<meta property=\"og:url\" content=\"https:\/\/museufabricareig.com\/?page_id=4074&amp;lang=fr\" \/>\n<meta property=\"og:site_name\" content=\"Museu F\u00e0brica Reig\" \/>\n<meta property=\"article:publisher\" content=\"https:\/\/www.facebook.com\/pages\/Museu-del-Tabac-Antiga-F%c3%a0brica-Reig\/108177865897882\" \/>\n<meta property=\"article:modified_time\" content=\"2015-03-01T16:28:53+00:00\" \/>\n<meta name=\"twitter:label1\" content=\"Est. reading time\" \/>\n\t<meta name=\"twitter:data1\" content=\"1 minute\" \/>\n<script type=\"application\/ld+json\" class=\"yoast-schema-graph\">{\"@context\":\"https:\\\/\\\/schema.org\",\"@graph\":[{\"@type\":\"WebPage\",\"@id\":\"https:\\\/\\\/museufabricareig.com\\\/?page_id=4074&lang=fr\",\"url\":\"https:\\\/\\\/museufabricareig.com\\\/?page_id=4074&lang=fr\",\"name\":\"Ressources \u00e9ducatives - Museu F\u00e0brica Reig\",\"isPartOf\":{\"@id\":\"https:\\\/\\\/museufabricareig.com\\\/#website\"},\"datePublished\":\"2015-02-16T16:50:58+00:00\",\"dateModified\":\"2015-03-01T16:28:53+00:00\",\"breadcrumb\":{\"@id\":\"https:\\\/\\\/museufabricareig.com\\\/?page_id=4074&lang=fr#breadcrumb\"},\"inLanguage\":\"fr-FR\",\"potentialAction\":[{\"@type\":\"ReadAction\",\"target\":[\"https:\\\/\\\/museufabricareig.com\\\/?page_id=4074&lang=fr\"]}]},{\"@type\":\"BreadcrumbList\",\"@id\":\"https:\\\/\\\/museufabricareig.com\\\/?page_id=4074&lang=fr#breadcrumb\",\"itemListElement\":[{\"@type\":\"ListItem\",\"position\":1,\"name\":\"Home\",\"item\":\"https:\\\/\\\/museufabricareig.com\\\/?lang=fr\"},{\"@type\":\"ListItem\",\"position\":2,\"name\":\"Ressources \u00e9ducatives\"}]},{\"@type\":\"WebSite\",\"@id\":\"https:\\\/\\\/museufabricareig.com\\\/#website\",\"url\":\"https:\\\/\\\/museufabricareig.com\\\/\",\"name\":\"Museu F\u00e0brica Reig\",\"description\":\"Altre lloc gestionat amb el WordPress\",\"potentialAction\":[{\"@type\":\"SearchAction\",\"target\":{\"@type\":\"EntryPoint\",\"urlTemplate\":\"https:\\\/\\\/museufabricareig.com\\\/?s={search_term_string}\"},\"query-input\":{\"@type\":\"PropertyValueSpecification\",\"valueRequired\":true,\"valueName\":\"search_term_string\"}}],\"inLanguage\":\"fr-FR\"}]}<\/script>\n<!-- \/ Yoast SEO plugin. -->","yoast_head_json":{"title":"Ressources \u00e9ducatives - Museu F\u00e0brica Reig","robots":{"index":"index","follow":"follow","max-snippet":"max-snippet:-1","max-image-preview":"max-image-preview:large","max-video-preview":"max-video-preview:-1"},"canonical":"https:\/\/museufabricareig.com\/?page_id=4074&lang=fr","og_locale":"fr_FR","og_type":"article","og_title":"Ressources \u00e9ducatives - Museu F\u00e0brica Reig","og_description":"(Disponible en Catalan) El museu del tabac (PDF) Hist\u00f2ria del tabac (PDF) El tabac a Andorra (PDF) La manufactura del... Voir plus &raquo;","og_url":"https:\/\/museufabricareig.com\/?page_id=4074&lang=fr","og_site_name":"Museu F\u00e0brica Reig","article_publisher":"https:\/\/www.facebook.com\/pages\/Museu-del-Tabac-Antiga-F%c3%a0brica-Reig\/108177865897882","article_modified_time":"2015-03-01T16:28:53+00:00","twitter_misc":{"Est. reading time":"1 minute"},"schema":{"@context":"https:\/\/schema.org","@graph":[{"@type":"WebPage","@id":"https:\/\/museufabricareig.com\/?page_id=4074&lang=fr","url":"https:\/\/museufabricareig.com\/?page_id=4074&lang=fr","name":"Ressources \u00e9ducatives - Museu F\u00e0brica Reig","isPartOf":{"@id":"https:\/\/museufabricareig.com\/#website"},"datePublished":"2015-02-16T16:50:58+00:00","dateModified":"2015-03-01T16:28:53+00:00","breadcrumb":{"@id":"https:\/\/museufabricareig.com\/?page_id=4074&lang=fr#breadcrumb"},"inLanguage":"fr-FR","potentialAction":[{"@type":"ReadAction","target":["https:\/\/museufabricareig.com\/?page_id=4074&lang=fr"]}]},{"@type":"BreadcrumbList","@id":"https:\/\/museufabricareig.com\/?page_id=4074&lang=fr#breadcrumb","itemListElement":[{"@type":"ListItem","position":1,"name":"Home","item":"https:\/\/museufabricareig.com\/?lang=fr"},{"@type":"ListItem","position":2,"name":"Ressources \u00e9ducatives"}]},{"@type":"WebSite","@id":"https:\/\/museufabricareig.com\/#website","url":"https:\/\/museufabricareig.com\/","name":"Museu F\u00e0brica Reig","description":"Altre lloc gestionat amb el WordPress","potentialAction":[{"@type":"SearchAction","target":{"@type":"EntryPoint","urlTemplate":"https:\/\/museufabricareig.com\/?s={search_term_string}"},"query-input":{"@type":"PropertyValueSpecification","valueRequired":true,"valueName":"search_term_string"}}],"inLanguage":"fr-FR"}]}},"_links":{"self":[{"href":"https:\/\/museufabricareig.com\/index.php?rest_route=%2Fwp%2Fv2%2Fpages%2F4074&lang=fr","targetHints":{"allow":["GET"]}}],"collection":[{"href":"https:\/\/museufabricareig.com\/index.php?rest_route=%2Fwp%2Fv2%2Fpages&lang=fr"}],"about":[{"href":"https:\/\/museufabricareig.com\/index.php?rest_route=%2Fwp%2Fv2%2Ftypes%2Fpage&lang=fr"}],"author":[{"embeddable":true,"href":"https:\/\/museufabricareig.com\/index.php?rest_route=%2Fwp%2Fv2%2Fusers%2F3&lang=fr"}],"replies":[{"embeddable":true,"href":"https:\/\/museufabricareig.com\/index.php?rest_route=%2Fwp%2Fv2%2Fcomments&lang=fr&post=4074"}],"version-history":[{"count":1,"href":"https:\/\/museufabricareig.com\/index.php?rest_route=%2Fwp%2Fv2%2Fpages%2F4074%2Frevisions&lang=fr"}],"predecessor-version":[{"id":4077,"href":"https:\/\/museufabricareig.com\/index.php?rest_route=%2Fwp%2Fv2%2Fpages%2F4074%2Frevisions%2F4077&lang=fr"}],"wp:attachment":[{"href":"https:\/\/museufabricareig.com\/index.php?rest_route=%2Fwp%2Fv2%2Fmedia&lang=fr&parent=4074"}],"curies":[{"name":"wp","href":"https:\/\/api.w.org\/{rel}","templated":true}]}}

Ressources éducatives

<p>(<em>Disponible en Catalan</em>)</p>
<p><a href="https://museufabricareig.com/wp-content/uploads/2015/02/el_museu_de_tabac.pdf" target="_blank">El museu del tabac (PDF)<br />
</a><a href="https://museufabricareig.com/wp-content/uploads/2015/02/historia_del_tabac.pdf" target="_blank">Història del tabac (PDF)<br />
</a><a href="https://museufabricareig.com/wp-content/uploads/2015/02/el_tabac_a_andorra.pdf" target="_blank">El tabac a Andorra (PDF)<br />
</a><a href="https://museufabricareig.com/wp-content/uploads/2015/02/la_manufactura_del_tabac.pdf" target="_blank">La manufactura del tabac (PDF)</a></p>
<h2>Alumnes de 8 a 9 anys</h2>
<p><a href="https://museufabricareig.com/wp-content/uploads/2015/02/prev_prof_08-09.pdf" target="_blank">Fitxa professor treball previ (PDF)<br />
</a><a href="https://museufabricareig.com/wp-content/uploads/2015/02/prev_alum_08-09.pdf" target="_blank">Fitxa alumne treball previ (PDF)<br />
</a><a href="https://museufabricareig.com/wp-content/uploads/2015/02/post_prof_08-09.pdf" target="_blank">Fitxa professor treball posterior (PDF)<br />
</a><a href="https://museufabricareig.com/wp-content/uploads/2015/02/post_alum_08-09.pdf" target="_blank">Fitxa alumne treball posterior (PDF)</a></p>
<h2>Alumnes de 10 a 11 anys</h2>
<p><a href="https://museufabricareig.com/wp-content/uploads/2015/02/prev_prof_10-11.pdf" target="_blank">Fitxa professor treball previ (PDF)<br />
</a><a href="https://museufabricareig.com/wp-content/uploads/2015/02/prev_alum_10-11.pdf" target="_blank">Fitxa alumne treball previ (PDF)<br />
</a><a href="https://museufabricareig.com/wp-content/uploads/2015/02/post_prof_10-11.pdf" target="_blank">Fitxa professor treball posterior (PDF)<br />
</a><a href="https://museufabricareig.com/wp-content/uploads/2015/02/post_alum_10-11.pdf" target="_blank">Fitxa alumne treball posterior (PDF)</a></p>
<h2>Alumnes de 12 a 13 anys</h2>
<p><a href="https://museufabricareig.com/wp-content/uploads/2015/02/prev_prof_12-13.pdf" target="_blank">Fitxa professor treball previ (PDF)<br />
</a><a href="https://museufabricareig.com/wp-content/uploads/2015/02/prev_alum_12-13.pdf" target="_blank">Fitxa alumne treball previ (PDF)<br />
</a><a href="https://museufabricareig.com/wp-content/uploads/2015/02/post_prof_12-13.pdf" target="_blank">Fitxa professor treball posterior (PDF)<br />
</a><a href="https://museufabricareig.com/wp-content/uploads/2015/02/post_alum_12-13.pdf" target="_blank">Fitxa alumne treball posterior (PDF)</a></p>
<h2>Alumnes de 14 a 15 anys</h2>
<p><a href="https://museufabricareig.com/wp-content/uploads/2015/02/prev_prof_14-15.pdf" target="_blank">Fitxa professor treball previ (PDF)<br />
</a><a href="https://museufabricareig.com/wp-content/uploads/2015/02/prev_alum_14-15.pdf" target="_blank">Fitxa alumne treball previ (PDF)<br />
</a><a href="https://museufabricareig.com/wp-content/uploads/2015/02/post_prof_14-15.pdf" target="_blank">Fitxa professor treball posterior (PDF)<br />
</a><a href="https://museufabricareig.com/wp-content/uploads/2015/02/post_alum_14-15.pdf" target="_blank">Fitxa alumne treball posterior (PDF)</a></p>

<p>(Disponible en Catalan) El museu del tabac (PDF) Història del tabac (PDF) El tabac a Andorra (PDF) La manufactura del&#8230;  <a href="https://museufabricareig.com/?page_id=4074&#038;lang=fr" class="more-link" title="Veure Ressources éducatives">Voir plus &raquo;</a></p>

<!-- This site is optimized with the Yoast SEO plugin v27.5 - https://yoast.com/product/yoast-seo-wordpress/ -->
<title>Ressources éducatives - Museu Fàbrica Reig</title>
<meta name="robots" content="index, follow, max-snippet:-1, max-image-preview:large, max-video-preview:-1" />
<link rel="canonical" href="https://museufabricareig.com/?page_id=4074&lang=fr" />
<meta property="og:locale" content="fr_FR" />
<meta property="og:type" content="article" />
<meta property="og:title" content="Ressources éducatives - Museu Fàbrica Reig" />
<meta property="og:description" content="(Disponible en Catalan) El museu del tabac (PDF) Història del tabac (PDF) El tabac a Andorra (PDF) La manufactura del... Voir plus &raquo;" />
<meta property="og:url" content="https://museufabricareig.com/?page_id=4074&amp;lang=fr" />
<meta property="og:site_name" content="Museu Fàbrica Reig" />
<meta property="article:publisher" content="https://www.facebook.com/pages/Museu-del-Tabac-Antiga-F%c3%a0brica-Reig/108177865897882" />
<meta property="article:modified_time" content="2015-03-01T16:28:53+00:00" />
<meta name="twitter:label1" content="Est. reading time" />
	<meta name="twitter:data1" content="1 minute" />
<script type="application/ld+json" class="yoast-schema-graph">{"@context":"https:\/\/schema.org","@graph":[{"@type":"WebPage","@id":"https:\/\/museufabricareig.com\/?page_id=4074&lang=fr","url":"https:\/\/museufabricareig.com\/?page_id=4074&lang=fr","name":"Ressources éducatives - Museu Fàbrica Reig","isPartOf":{"@id":"https:\/\/museufabricareig.com\/#website"},"datePublished":"2015-02-16T16:50:58+00:00","dateModified":"2015-03-01T16:28:53+00:00","breadcrumb":{"@id":"https:\/\/museufabricareig.com\/?page_id=4074&lang=fr#breadcrumb"},"inLanguage":"fr-FR","potentialAction":[{"@type":"ReadAction","target":["https:\/\/museufabricareig.com\/?page_id=4074&lang=fr"]}]},{"@type":"BreadcrumbList","@id":"https:\/\/museufabricareig.com\/?page_id=4074&lang=fr#breadcrumb","itemListElement":[{"@type":"ListItem","position":1,"name":"Home","item":"https:\/\/museufabricareig.com\/?lang=fr"},{"@type":"ListItem","position":2,"name":"Ressources éducatives"}]},{"@type":"WebSite","@id":"https:\/\/museufabricareig.com\/#website","url":"https:\/\/museufabricareig.com\/","name":"Museu Fàbrica Reig","description":"Altre lloc gestionat amb el WordPress","potentialAction":[{"@type":"SearchAction","target":{"@type":"EntryPoint","urlTemplate":"https:\/\/museufabricareig.com\/?s={search_term_string}"},"query-input":{"@type":"PropertyValueSpecification","valueRequired":true,"valueName":"search_term_string"}}],"inLanguage":"fr-FR"}]}</script>
<!-- / Yoast SEO plugin. -->

Ressources éducatives - Museu Fàbrica Reig

(Disponible en Catalan) El museu del tabac (PDF) Història del tabac (PDF) El tabac a Andorra (PDF) La manufactura del... Voir plus &raquo;

Museu Fàbrica Reig
