{"id":4047,"date":"2015-02-14T16:06:56","date_gmt":"2015-02-14T16:06:56","guid":{"rendered":"https:\/\/www.museudeltabac.com\/fons-documental-2\/"},"modified":"2015-03-23T16:56:52","modified_gmt":"2015-03-23T16:56:52","slug":"fondo-documental","status":"publish","type":"page","link":"https:\/\/museufabricareig.com\/?page_id=4047&lang=es","title":{"rendered":"Fondo documental"},"content":{"rendered":"<p class=\"p1\">El Museo del Tabaco dispone de un archivo bibliogr\u00e1fico sobre tabaco de m\u00e1s de 700 vol\u00famenes, 380 de los cuales provienen del archivo Dunhill, y el resto est\u00e1 integrado por libros de las colecciones de Juli\u00e0 Reig Roqueta, \u00d2scar Ribas Reig y la Colecci\u00f3n God\u00f3.<\/p>\n<p class=\"p1\">Adem\u00e1s del fondo bibliogr\u00e1fico, el Museo posee un fondo de objetos de m\u00e1s de 6.000 registros, integrado por m\u00e1quinas, herramientas, utensilios, paqueter\u00eda, envoltorios, etiquetas y anillas de puro. Tambi\u00e9n hay relacionados m\u00e1s de 400 aromas y perfumes entre botellas, tubos, pastillas y otros.<\/p>\n<p class=\"p1\">El Archivo Reig tambi\u00e9n tiene contabilizadas cerca de 1.500 im\u00e1genes y documentos, entre los que encontramos el archivo fotogr\u00e1fico Rafel\u00f3 o el archivo de cartas comerciales y personales que datan desde 1873.<\/p>\n<p class=\"p1\">Actualmente, el Museo del Tabaco est\u00e1 trabajando en el inventario de todo el fondo mencionado con la voluntad de poder convertirse, en un futuro, en un centro de investigaci\u00f3n sobre el tabaco.<\/p>\n","protected":false},"excerpt":{"rendered":"<p>El Museo del Tabaco dispone de un archivo bibliogr\u00e1fico sobre tabaco de m\u00e1s de 700 vol\u00famenes, 380 de los cuales&#8230;  <a href=\"https:\/\/museufabricareig.com\/?page_id=4047&#038;lang=es\" class=\"more-link\" title=\"Veure Fondo documental\">Ver m\u00e1s &raquo;<\/a><\/p>\n","protected":false},"author":3,"featured_media":0,"parent":0,"menu_order":0,"comment_status":"closed","ping_status":"open","template":"page-fons.php","meta":{"footnotes":""},"class_list":["post-4047","page","type-page","status-publish","hentry"],"yoast_head":"<!-- This site is optimized with the Yoast SEO plugin v27.5 - https:\/\/yoast.com\/product\/yoast-seo-wordpress\/ -->\n<title>Fondo documental - Museu F\u00e0brica Reig<\/title>\n<meta name=\"robots\" content=\"index, follow, max-snippet:-1, max-image-preview:large, max-video-preview:-1\" \/>\n<link rel=\"canonical\" href=\"https:\/\/museufabricareig.com\/?page_id=4047&lang=es\" \/>\n<meta property=\"og:locale\" content=\"es_ES\" \/>\n<meta property=\"og:type\" content=\"article\" \/>\n<meta property=\"og:title\" content=\"Fondo documental - Museu F\u00e0brica Reig\" \/>\n<meta property=\"og:description\" content=\"El Museo del Tabaco dispone de un archivo bibliogr\u00e1fico sobre tabaco de m\u00e1s de 700 vol\u00famenes, 380 de los cuales... Ver m\u00e1s &raquo;\" \/>\n<meta property=\"og:url\" content=\"https:\/\/museufabricareig.com\/?page_id=4047&amp;lang=es\" \/>\n<meta property=\"og:site_name\" content=\"Museu F\u00e0brica Reig\" \/>\n<meta property=\"article:publisher\" content=\"https:\/\/www.facebook.com\/pages\/Museu-del-Tabac-Antiga-F%c3%a0brica-Reig\/108177865897882\" \/>\n<meta property=\"article:modified_time\" content=\"2015-03-23T16:56:52+00:00\" \/>\n<meta name=\"twitter:label1\" content=\"Tiempo de lectura\" \/>\n\t<meta name=\"twitter:data1\" content=\"1 minuto\" \/>\n<script type=\"application\/ld+json\" class=\"yoast-schema-graph\">{\"@context\":\"https:\\\/\\\/schema.org\",\"@graph\":[{\"@type\":\"WebPage\",\"@id\":\"https:\\\/\\\/museufabricareig.com\\\/?page_id=4047&lang=es\",\"url\":\"https:\\\/\\\/museufabricareig.com\\\/?page_id=4047&lang=es\",\"name\":\"Fondo documental - Museu F\u00e0brica Reig\",\"isPartOf\":{\"@id\":\"https:\\\/\\\/museufabricareig.com\\\/#website\"},\"datePublished\":\"2015-02-14T16:06:56+00:00\",\"dateModified\":\"2015-03-23T16:56:52+00:00\",\"breadcrumb\":{\"@id\":\"https:\\\/\\\/museufabricareig.com\\\/?page_id=4047&lang=es#breadcrumb\"},\"inLanguage\":\"es\",\"potentialAction\":[{\"@type\":\"ReadAction\",\"target\":[\"https:\\\/\\\/museufabricareig.com\\\/?page_id=4047&lang=es\"]}]},{\"@type\":\"BreadcrumbList\",\"@id\":\"https:\\\/\\\/museufabricareig.com\\\/?page_id=4047&lang=es#breadcrumb\",\"itemListElement\":[{\"@type\":\"ListItem\",\"position\":1,\"name\":\"Home\",\"item\":\"https:\\\/\\\/museufabricareig.com\\\/?lang=es\"},{\"@type\":\"ListItem\",\"position\":2,\"name\":\"Fondo documental\"}]},{\"@type\":\"WebSite\",\"@id\":\"https:\\\/\\\/museufabricareig.com\\\/#website\",\"url\":\"https:\\\/\\\/museufabricareig.com\\\/\",\"name\":\"Museu F\u00e0brica Reig\",\"description\":\"Altre lloc gestionat amb el WordPress\",\"potentialAction\":[{\"@type\":\"SearchAction\",\"target\":{\"@type\":\"EntryPoint\",\"urlTemplate\":\"https:\\\/\\\/museufabricareig.com\\\/?s={search_term_string}\"},\"query-input\":{\"@type\":\"PropertyValueSpecification\",\"valueRequired\":true,\"valueName\":\"search_term_string\"}}],\"inLanguage\":\"es\"}]}<\/script>\n<!-- \/ Yoast SEO plugin. -->","yoast_head_json":{"title":"Fondo documental - Museu F\u00e0brica Reig","robots":{"index":"index","follow":"follow","max-snippet":"max-snippet:-1","max-image-preview":"max-image-preview:large","max-video-preview":"max-video-preview:-1"},"canonical":"https:\/\/museufabricareig.com\/?page_id=4047&lang=es","og_locale":"es_ES","og_type":"article","og_title":"Fondo documental - Museu F\u00e0brica Reig","og_description":"El Museo del Tabaco dispone de un archivo bibliogr\u00e1fico sobre tabaco de m\u00e1s de 700 vol\u00famenes, 380 de los cuales... Ver m\u00e1s &raquo;","og_url":"https:\/\/museufabricareig.com\/?page_id=4047&lang=es","og_site_name":"Museu F\u00e0brica Reig","article_publisher":"https:\/\/www.facebook.com\/pages\/Museu-del-Tabac-Antiga-F%c3%a0brica-Reig\/108177865897882","article_modified_time":"2015-03-23T16:56:52+00:00","twitter_misc":{"Tiempo de lectura":"1 minuto"},"schema":{"@context":"https:\/\/schema.org","@graph":[{"@type":"WebPage","@id":"https:\/\/museufabricareig.com\/?page_id=4047&lang=es","url":"https:\/\/museufabricareig.com\/?page_id=4047&lang=es","name":"Fondo documental - Museu F\u00e0brica Reig","isPartOf":{"@id":"https:\/\/museufabricareig.com\/#website"},"datePublished":"2015-02-14T16:06:56+00:00","dateModified":"2015-03-23T16:56:52+00:00","breadcrumb":{"@id":"https:\/\/museufabricareig.com\/?page_id=4047&lang=es#breadcrumb"},"inLanguage":"es","potentialAction":[{"@type":"ReadAction","target":["https:\/\/museufabricareig.com\/?page_id=4047&lang=es"]}]},{"@type":"BreadcrumbList","@id":"https:\/\/museufabricareig.com\/?page_id=4047&lang=es#breadcrumb","itemListElement":[{"@type":"ListItem","position":1,"name":"Home","item":"https:\/\/museufabricareig.com\/?lang=es"},{"@type":"ListItem","position":2,"name":"Fondo documental"}]},{"@type":"WebSite","@id":"https:\/\/museufabricareig.com\/#website","url":"https:\/\/museufabricareig.com\/","name":"Museu F\u00e0brica Reig","description":"Altre lloc gestionat amb el WordPress","potentialAction":[{"@type":"SearchAction","target":{"@type":"EntryPoint","urlTemplate":"https:\/\/museufabricareig.com\/?s={search_term_string}"},"query-input":{"@type":"PropertyValueSpecification","valueRequired":true,"valueName":"search_term_string"}}],"inLanguage":"es"}]}},"_links":{"self":[{"href":"https:\/\/museufabricareig.com\/index.php?rest_route=%2Fwp%2Fv2%2Fpages%2F4047&lang=es","targetHints":{"allow":["GET"]}}],"collection":[{"href":"https:\/\/museufabricareig.com\/index.php?rest_route=%2Fwp%2Fv2%2Fpages&lang=es"}],"about":[{"href":"https:\/\/museufabricareig.com\/index.php?rest_route=%2Fwp%2Fv2%2Ftypes%2Fpage&lang=es"}],"author":[{"embeddable":true,"href":"https:\/\/museufabricareig.com\/index.php?rest_route=%2Fwp%2Fv2%2Fusers%2F3&lang=es"}],"replies":[{"embeddable":true,"href":"https:\/\/museufabricareig.com\/index.php?rest_route=%2Fwp%2Fv2%2Fcomments&lang=es&post=4047"}],"version-history":[{"count":1,"href":"https:\/\/museufabricareig.com\/index.php?rest_route=%2Fwp%2Fv2%2Fpages%2F4047%2Frevisions&lang=es"}],"predecessor-version":[{"id":4051,"href":"https:\/\/museufabricareig.com\/index.php?rest_route=%2Fwp%2Fv2%2Fpages%2F4047%2Frevisions%2F4051&lang=es"}],"wp:attachment":[{"href":"https:\/\/museufabricareig.com\/index.php?rest_route=%2Fwp%2Fv2%2Fmedia&lang=es&parent=4047"}],"curies":[{"name":"wp","href":"https:\/\/api.w.org\/{rel}","templated":true}]}}

<p class="p1">El Museo del Tabaco dispone de un archivo bibliográfico sobre tabaco de más de 700 volúmenes, 380 de los cuales provienen del archivo Dunhill, y el resto está integrado por libros de las colecciones de Julià Reig Roqueta, Òscar Ribas Reig y la Colección Godó.</p>
<p class="p1">Además del fondo bibliográfico, el Museo posee un fondo de objetos de más de 6.000 registros, integrado por máquinas, herramientas, utensilios, paquetería, envoltorios, etiquetas y anillas de puro. También hay relacionados más de 400 aromas y perfumes entre botellas, tubos, pastillas y otros.</p>
<p class="p1">El Archivo Reig también tiene contabilizadas cerca de 1.500 imágenes y documentos, entre los que encontramos el archivo fotográfico Rafeló o el archivo de cartas comerciales y personales que datan desde 1873.</p>
<p class="p1">Actualmente, el Museo del Tabaco está trabajando en el inventario de todo el fondo mencionado con la voluntad de poder convertirse, en un futuro, en un centro de investigación sobre el tabaco.</p>

<p>El Museo del Tabaco dispone de un archivo bibliográfico sobre tabaco de más de 700 volúmenes, 380 de los cuales&#8230;  <a href="https://museufabricareig.com/?page_id=4047&#038;lang=es" class="more-link" title="Veure Fondo documental">Ver más &raquo;</a></p>

<!-- This site is optimized with the Yoast SEO plugin v27.5 - https://yoast.com/product/yoast-seo-wordpress/ -->
<title>Fondo documental - Museu Fàbrica Reig</title>
<meta name="robots" content="index, follow, max-snippet:-1, max-image-preview:large, max-video-preview:-1" />
<link rel="canonical" href="https://museufabricareig.com/?page_id=4047&lang=es" />
<meta property="og:locale" content="es_ES" />
<meta property="og:type" content="article" />
<meta property="og:title" content="Fondo documental - Museu Fàbrica Reig" />
<meta property="og:description" content="El Museo del Tabaco dispone de un archivo bibliográfico sobre tabaco de más de 700 volúmenes, 380 de los cuales... Ver más &raquo;" />
<meta property="og:url" content="https://museufabricareig.com/?page_id=4047&amp;lang=es" />
<meta property="og:site_name" content="Museu Fàbrica Reig" />
<meta property="article:publisher" content="https://www.facebook.com/pages/Museu-del-Tabac-Antiga-F%c3%a0brica-Reig/108177865897882" />
<meta property="article:modified_time" content="2015-03-23T16:56:52+00:00" />
<meta name="twitter:label1" content="Tiempo de lectura" />
	<meta name="twitter:data1" content="1 minuto" />
<script type="application/ld+json" class="yoast-schema-graph">{"@context":"https:\/\/schema.org","@graph":[{"@type":"WebPage","@id":"https:\/\/museufabricareig.com\/?page_id=4047&lang=es","url":"https:\/\/museufabricareig.com\/?page_id=4047&lang=es","name":"Fondo documental - Museu Fàbrica Reig","isPartOf":{"@id":"https:\/\/museufabricareig.com\/#website"},"datePublished":"2015-02-14T16:06:56+00:00","dateModified":"2015-03-23T16:56:52+00:00","breadcrumb":{"@id":"https:\/\/museufabricareig.com\/?page_id=4047&lang=es#breadcrumb"},"inLanguage":"es","potentialAction":[{"@type":"ReadAction","target":["https:\/\/museufabricareig.com\/?page_id=4047&lang=es"]}]},{"@type":"BreadcrumbList","@id":"https:\/\/museufabricareig.com\/?page_id=4047&lang=es#breadcrumb","itemListElement":[{"@type":"ListItem","position":1,"name":"Home","item":"https:\/\/museufabricareig.com\/?lang=es"},{"@type":"ListItem","position":2,"name":"Fondo documental"}]},{"@type":"WebSite","@id":"https:\/\/museufabricareig.com\/#website","url":"https:\/\/museufabricareig.com\/","name":"Museu Fàbrica Reig","description":"Altre lloc gestionat amb el WordPress","potentialAction":[{"@type":"SearchAction","target":{"@type":"EntryPoint","urlTemplate":"https:\/\/museufabricareig.com\/?s={search_term_string}"},"query-input":{"@type":"PropertyValueSpecification","valueRequired":true,"valueName":"search_term_string"}}],"inLanguage":"es"}]}</script>
<!-- / Yoast SEO plugin. -->

Fondo documental - Museu Fàbrica Reig

El Museo del Tabaco dispone de un archivo bibliográfico sobre tabaco de más de 700 volúmenes, 380 de los cuales... Ver más &raquo;

Museu Fàbrica Reig
